 of 1834127073?
0
What is the units digit of 106889720?
0
What is the ten thousands digit of 35925064?
2
What is the millions digit of 741202986?
1
What is the thousands digit of 151805782?
5
What is the hundred thousands digit of 1901469523?
4
What is the hundreds digit of 263128551?
5
What is the hundred thousands digit of 454146958?
1
What is the hundred millions digit of 2782454786?
7
What is the ten thousands digit of 61586816?
8
What is the hundred millions digit of 569248662?
5
What is the hundred thousands digit of 27020096?
0
What is the hundred thousands digit of 209021692?
0
What is the hundred millions digit of 204046992?
2
What is the hundreds digit of 183039433?
4
What is the ten thousands digit of 20680995?
8
What is the hundred thousands digit of 2275727092?
7
What is the hundreds digit of 235004167?
1
What is the millions digit of 91259382?
1
What is the ten thousands digit of 424397057?
9
What is the ten thousands digit of 50308471?
0
What is the hundred millions digit of 204620738?
2
What is the units digit of 202013844?
4
What is the ten thousands digit of 38627557?
2
What is the ten thousands digit of 5969661063?
6
What is the ten thousands digit of 3309920587?
2
What is the hundred millions digit of 178556682?
1
What is the hundred thousands digit of 491895390?
8
What is the ten millions digit of 103898485?
0
What is the hundreds digit of 195880998?
9
What is the ten thousands digit of 48225125?
2
What is the hundred thousands digit of 70812380?
8
What is the ten thousands digit of 167231832?
3
What is the hundred thousands digit of 67810814?
8
What is the units digit of 975676718?
8
What is the billions digit of 7518320843?
7
What is the millions digit of 21702692?
1
What is the hundreds digit of 2127217380?
3
What is the ten millions digit of 17595954?
1
What is the ten millions digit of 2148221351?
4
What is the hundred thousands digit of 618641048?
6
What is the hundred millions digit of 511402726?
5
What is the hundred thousands digit of 4499745477?
7
What is the hundreds digit of 62086192?
1
What is the billions digit of 1917125653?
1
What is the millions digit of 297040505?
7
What is the units digit of 88274125?
5
What is the thousands digit of 32733265?
3
What is the tens digit of 1179051032?
3
What is the hundreds digit of 211676050?
0
What is the hundred millions digit of 2068694156?
0
What is the hundred thousands digit of 55697277?
6
What is the hundred millions digit of 1260276674?
2
What is the ten millions digit of 455200366?
5
What is the thousands digit of 897953995?
3
What is the tens digit of 60263580?
8
What is the hundreds digit of 79586180?
1
What is the units digit of 165882223?
3
What is the tens digit of 2521213433?
3
What is the ten thousands digit of 22034538?
3
What is the units digit of 12680422?
2
What is the ten millions digit of 4227520110?
2
What is the ten millions digit of 6930107537?
3
What is the ten millions digit of 37376980?
3
What is the ten thousands digit of 1624281696?
8
What is the ten millions digit of 69387339?
6
What is the units digit of 615734752?
2
What is the millions digit of 26134962?
6
What is the millions digit of 1035861013?
5
What is the hundred thousands digit of 3612777310?
7
What is the hundreds digit of 23732741?
7
What is the thousands digit of 136225356?
5
What is the thousands digit of 208489686?
9
What is the ten millions digit of 3503117634?
0
What is the ten millions digit of 1232760456?
3
What is the thousands digit of 39855561?
5
What is the ten thousands digit of 948424430?
2
What is the hundreds digit of 2076484877?
8
What is the thousands digit of 3497212?
7
What is the thousands digit of 115548366?
8
What is the tens digit of 54089680?
8
What is the hundred millions digit of 496473405?
4
What is the hundred thousands digit of 9000440?
0
What is the hundreds digit of 135816906?
9
What is the units digit of 2942930556?
6
What is the ten thousands digit of 3559950054?
5
What is the ten millions digit of 1220620651?
2
What is the hundred millions digit of 3133702559?
1
What is the ten thousands digit of 25112930?
1
What is the millions digit of 156797836?
6
What is the ten thousands digit of 274622258?
2
What is the ten millions digit of 117556876?
1
What is the tens digit of 4014675121?
2
What is the tens digit of 1863781067?
6
What is the hundred millions digit of 3889548814?
8
What is the hundred thousands digit of 8739279?
7
What is the hundreds digit of 79331873?
8
What is the thousands digit of 212301725?
1
What is the ten thousands digit of 1219757082?
5
What is the hundred thousands digit of 1203394525?
3
What is the ten thousands digit of 4165634997?
3
What is the thousands digit of 193467451?
7
What is the ten millions digit of 32670281?
3
What is the ten thousands digit of 78565156?
6
What is the hundred thousands digit of 105856729?
8
What is the thousands digit of 610029247?
9
What is the millions digit of 274403738?
4
What is the thousands digit of 785063859?
3
What is the ten thousands digit of 3535344435?
4
What is the units digit of 38390833?
3
What is the hundreds digit of 863209068?
0
What is the units digit of 217997176?
6
What is the ten thousands digit of 69813143?
1
What is the ten millions digit of 667732954?
6
What is the hundred millions digit of 1920740978?
9
What is the hundred millions digit of 6588309646?
5
What is the ten millions digit of 744473341?
4
What is the millions digit of 28040899?
8
What is the ten millions digit of 136454373?
3
What is the ten thousands digit of 2226262039?
6
What is the hundreds digit of 30911569?
5
What is the ten millions digit of 2452118999?
5
What is the thousands digit of 6100816?
0
What is the thousands digit of 1204754812?
4
What is the hundred thousands digit of 106714013?
7
What is the hundred thousands digit of 220612183?
6
What is the hundreds digit of 5800336900?
9
What is the millions digit of 5537793436?
7
What is the hundred thousands digit of 1529428691?
4
What is the ten millions digit of 34408674?
3
What is the tens digit of 289827713?
1
What is the hundreds digit of 141181328?
3
What is the ten thousands digit of 135566676?
6
What is the millions digit of 2357887509?
7
What is the hundred millions digit of 327009071?
3
What is the units digit of 2549412468?
8
What is the ten millions digit of 1995108010?
9
What is the millions digit of 5365489?
5
What is the ten millions digit of 77036336?
7
What is the tens digit of 1147176559?
5
What is the millions digit of 4815136?
4
What is the thousands digit of 173613922?
3
What is the ten millions digit of 106689458?
0
What is the units digit of 80751543?
3
What is the hundreds digit of 208881144?
1
What is the units digit of 2789630316?
6
What is the ten thousands digit of 1038536501?
3
What is the billions digit of 1598599563?
1
What is the millions digit of 16875023?
6
What is the thousands digit of 2197339644?
9
What is the ten thousands digit of 147764253?
6
What is the hundreds digit of 30356124?
1
What is the hundred millions digit of 213442576?
2
What is the millions digit of 81207877?
1
What is the ten millions digit of 1988238906?
8
What is the thousands digit of 3630656582?
6
What is the tens digit of 43214438?
3
What is the hundred thousands digit of 423374635?
3
What is the units digit of 500131387?
7
What is the hundreds digit of 1307862809?
8
What is the ten thousands digit of 50063534?
6
What is the units digit of 989042344?
4
What is the units digit of 125635147?
7
What is the thousands digit of 102568528?
8
What is the hundred thousands digit of 34091764?
0
What is the hundred thousands digit of 83214281?
2
What is the hundred millions digit of 5052140096?
0
What is the tens digit of 991600577?
7
What is the hundred thousands digit of 710914532?
9
What is the ten millions digit of 667306550?
6
What is the tens digit of 67580233?
3
What is the tens digit of 215431016?
1
What is the ten millions digit of 62429077?
6
What is the units digit of 63752068?
8
What is the hundreds digit of 1117683397?
3
What is the tens digit of 189995240?
4
What is the hundred thousands digit of 4388357444?
3
What is the millions digit of 12050849?
2
What is the billions digit of 7553919490?
7
What is the millions digit of 282886713?
